ulate the highest common divisor of 87768 and 83007.
207
What is the highest common factor of 8438585 and 4485?
115
What is the highest common divisor of 48392 and 1219?
23
What is the greatest common factor of 6087 and 951601?
2029
Calculate the highest common factor of 386 and 243531067.
193
What is the greatest common divisor of 352738 and 86?
2
What is the greatest common factor of 688413 and 3986265?
2721
What is the highest common factor of 1746196941 and 1194?
597
Calculate the greatest common factor of 83637 and 520789013.
9293
Calculate the highest common divisor of 37 and 524977053.
37
Calculate the highest common divisor of 280310 and 130.
10
What is the highest common divisor of 251535052 and 316?
316
Calculate the greatest common factor of 3484 and 6782276.
268
Calculate the greatest common factor of 195446 and 2596463.
1237
What is the greatest common divisor of 103 and 116757092?
103
Calculate the greatest common factor of 3435216 and 629547.
3639
Calculate the greatest common factor of 291680 and 200.
40
Calculate the greatest common factor of 11763 and 54810.
9
What is the highest common divisor of 101 and 39546853?
101
Calculate the greatest common factor of 489324192 and 96.
96
Calculate the greatest common divisor of 3364207 and 1463.
77
What is the greatest common factor of 199815 and 4026?
33
Calculate the greatest common divisor of 22968848 and 4144.
112
Calculate the greatest common divisor of 7 and 5791793.
7
What is the highest common divisor of 392284766 and 1246?
178
Calculate the greatest common factor of 583352 and 77.
77
Calculate the highest common factor of 3019 and 2745.
1
What is the highest common factor of 46841475 and 64575?
3075
Calculate the greatest common divisor of 8 and 5024876536.
8
What is the greatest common divisor of 508477 and 7?
1
What is the highest common divisor of 17993069 and 30221?
643
What is the greatest common divisor of 4180 and 1454735?
95
What is the greatest common factor of 986 and 183600218?
58
What is the greatest common factor of 138 and 85768288?
46
What is the greatest common factor of 2048 and 1289984?
256
What is the highest common factor of 1671 and 11181218?
557
Calculate the greatest common divisor of 368 and 120821507.
23
What is the greatest common divisor of 21899080 and 1568?
392
Calculate the highest common factor of 972 and 4376052.
108
What is the greatest common factor of 17286365 and 5?
5
What is the highest common factor of 310490 and 610?
610
Calculate the highest common factor of 32 and 1832296112.
16
What is the highest common divisor of 219 and 27819132?
219
What is the highest common factor of 9705159 and 50133?
2949
What is the greatest common factor of 6046821 and 5665?
1133
What is the greatest common divisor of 376893 and 186978?
33
What is the greatest common factor of 37675 and 1825175?
275
What is the greatest common factor of 39 and 68781687?
39
Calculate the highest common factor of 4641 and 3307724.
119
Calculate the highest common factor of 1641 and 175562932.
547
Calculate the highest common factor of 584 and 879148.
4
Calculate the highest common factor of 515 and 86314.
103
What is the highest common divisor of 57154 and 32?
2
Calculate the greatest common factor of 99283 and 21008.
101
Calculate the greatest common factor of 79032 and 24.
24
What is the greatest common factor of 6602254 and 2399850?
10666
Calculate the greatest common factor of 2446128 and 15408.
144
What is the greatest common factor of 1091004723 and 36?
9
What is the highest common factor of 22850 and 2586163?
457
What is the highest common factor of 139968 and 21699414?
4374
What is the highest common divisor of 546 and 51828?
42
Calculate the highest common divisor of 25 and 41697085.
5
Calculate the highest common divisor of 44800 and 2986200.
1400
What is the greatest common divisor of 1131 and 67673762?
377
Calculate the highest common divisor of 194134 and 18871.
113
What is the greatest common divisor of 6764 and 4188607?
1691
What is the highest common factor of 810403731 and 27?
27
What is the highest common factor of 76730407 and 2626?
1313
What is the greatest common divisor of 388 and 79159372?
388
What is the highest common factor of 15655 and 142025291?
3131
What is the greatest common divisor of 1913070 and 41495?
215
Calculate the highest common factor of 26580 and 25212.
12
Calculate the greatest common factor of 21538 and 72268.
178
What is the greatest common factor of 119931 and 451169?
5711
Calculate the highest common divisor of 362244486 and 1116.
186
What is the highest common factor of 704050 and 1180?
10
Calculate the greatest common divisor of 34782924 and 9020.
1804
Calculate the greatest common divisor of 778583 and 247.
13
What is the highest common divisor of 972532 and 2480?
124
What is the highest common factor of 396556044 and 84?
12
What is the greatest common divisor of 109264407 and 1589?
1589
Calculate the highest common factor of 24508558 and 1983.
661
Calculate the greatest common factor of 41894146 and 112.
14
Calculate the greatest common factor of 128394 and 14686.
14
Calculate the highest common factor of 374681 and 3.
1
What is the highest common factor of 324948 and 49?
1
What is the greatest common factor of 160 and 49428600?
40
What is the highest common factor of 1140 and 707964?
12
What is the greatest common factor of 10920 and 106316?
28
What is the highest common factor of 735 and 5801943?
147
Calculate the greatest common factor of 37374 and 366.
6
Calculate the highest common factor of 10941795 and 90270.
765
What is the highest common divisor of 405308 and 4864?
76
Calculate the highest common divisor of 7998 and 1316787.
93
Calculate the greatest common factor of 14497212 and 516.
12
What is the greatest common factor of 100630 and 64195?
1735
What is the highest common factor of 237514 and 10?
2
Calculate the highest common factor of 6247443 and 553024.
8641
Calculate the highest common factor of 11 and 42296.
1
Calculate the highest common factor of 5236066 and 88.
22
Calculate the greatest common factor of 325264 and 976.
16
Calculate the highest common factor of 1612 and 3030064.
124
What is the highest common factor of 3831 and 900873697?
1277
What is the highest common divisor of 20832 and 4709334?
1302
What is the greatest common divisor of 27823818 and 5742?
1914
What is the greatest common factor of 31 and 249586239?
31
What is the highest common factor of 220 and 1270833190?
110
Calculate the greatest common divisor of 35658 and 714.
42
Calculate the highest common factor of 277 and 3896414129.
277
Calculate the greatest common factor of 1265053330 and 2545.
2545
Calculate the greatest common factor of 2452460 and 1786.
94
Calculate the highest common divisor of 42164 and 372836.
332
What is the highest common divisor of 50272 and 2504174?
3142
Calculate the highest common divisor of 4 and 2905389.
1
Calculate the greatest common divisor of 12259 and 385892.
533
What is the greatest common factor of 39130 and 2901990?
910
What is the greatest common divisor of 102 and 8910654?
6
Calculate the greatest common factor of 309628 and 117428.
124
Calculate the greatest common factor of 42592 and 144848.
176
Calculate the greatest common factor of 163251 and 6987.
51
Calculate the highest common factor of 33357678 and 1784.
446
Calculate the greatest common factor of 15063207 and 204.
51
Calculate the highest common divisor of 3395 and 833747495.
3395
What is the highest common divisor of 3273379 and 4469?
109
Calculate the greatest common factor of 2320 and 3812720.
80
Calculate the highest common divisor of 920 and 9573980.
460
What is the greatest common divisor of 104680 and 70792?
8
What is the highest common divisor of 14 and 1709229326?
14
What is the highest common divisor of 787414 and 1534?
118
What is the greatest common divisor of 25269 and 16293?
3
What is the highest common divisor of 53889576 and 624?
312
Calculate the greatest common factor of 186 and 149009808.
186
Calculate the highest common divisor of 17712 and 1494819.
369
Calculate the highest common factor of 48546100 and 690.
230
Calculate the greatest common factor of 1685433 and 513.
57
What is the greatest common divisor of 4434 a